{"id":147,"date":"2021-02-26T14:57:04","date_gmt":"2021-02-26T13:57:04","guid":{"rendered":"http:\/\/motorschirmfreunde-pfalz.de\/web\/?page_id=147"},"modified":"2023-01-17T10:05:14","modified_gmt":"2023-01-17T09:05:14","slug":"haeufig-gestellte-fragen","status":"publish","type":"page","link":"https:\/\/motorschirmfreunde-pfalz.de\/web\/haeufig-gestellte-fragen\/","title":{"rendered":"H\u00e4ufig gestellte Fragen"},"content":{"rendered":"\n<div class=\"wp-container-1 wp-block-group\"><div class=\"wp-block-group__inner-container\">\n<h3><strong>Wer darf auf unserem Gel\u00e4nde fliegen?<\/strong><\/h3>\n\n\n\n<p>Die Nutzung des Fluggel\u00e4ndes Meckenheim (Motorschirme und Motorschirmtrikes) ist grunds\u00e4tzlich Mitgliedern des Vereins &#8222;Motorschirmfreunde Pfalz e.V.&#8220; vorbehalten.<\/p>\n\n\n\n<p>Auf dem Platz findet kein Schulungsbetrieb statt.<br>Der Verein bietet auch keine gewerblichen Passagierfl\u00fcge an.<\/p>\n<\/div><\/div>\n\n\n\n<div class=\"wp-container-2 wp-block-group\"><div class=\"wp-block-group__inner-container\">\n<h3><strong>Gibt es eine Gastflugregelung?<\/strong><\/h3>\n\n\n\n<p>Anfragen zur Nutzung des Gel\u00e4ndes (G\u00e4stereglung in begr\u00fcndeten Ausnahmef\u00e4llen) sind per Mail mit ausreichender Vorlauf-Zeit an den Vorstand zu stellen.&nbsp;<\/p>\n\n\n\n<p>Die Entscheidung zur Nutzung des Platzes durch G\u00e4ste erfolgt im jeweiligen Einzelfall durch den Vorstand und ist bei positivem Entscheid auf wenige Fl\u00fcge\/Jahr begrenzt.<\/p>\n\n\n\n<p><em><strong>F\u00fcr jeden Nutzer des Fluggel\u00e4ndes Meckenheim ist eine Gel\u00e4ndeeinweisung durch einen Einweisungsberechtigten des Vereins vor dem 1. Flug erforderlich!<\/strong><\/em><\/p>\n<\/div><\/div>\n\n\n\n<div class=\"wp-container-3 wp-block-group\"><div class=\"wp-block-group__inner-container\">\n<h3><strong>Wie kann ich Vereinsmitglied werden?<\/strong><\/h3>\n\n\n\n<p>Anfragen zur Vereinsmitgliedschaft sind an den Vorstand zu richten (siehe Kontakte).<\/p>\n<\/div><\/div>\n\n\n\n<div class=\"wp-container-4 wp-block-group\"><div class=\"wp-block-group__inner-container\">\n<h3><strong>F\u00fcr Interessierte: Was braucht es alles zum Motorschirmfliegen und was kostet das?<\/strong><\/h3>\n\n\n\n<p>Wir haben in <a href=\"https:\/\/motorschirmfreunde-pfalz.de\/dokumente\/public_relations\/Handzettel-fuer-Fussgaenger_neu%202020.pdf\">diesem Handzettel<\/a> die wichtigsten Informationen zusammengestellt.<\/p>\n<\/div><\/div>\n\n\n\n<p><\/p>\n","protected":false},"excerpt":{"rendered":"<p>Wer darf auf unserem Gel\u00e4nde fliegen? Die Nutzung des Fluggel\u00e4ndes Meckenheim (Motorschirme und Motorschirmtrikes) ist grunds\u00e4tzlich Mitgliedern des Vereins &#8222;Motorschirmfreunde Pfalz e.V.&#8220; vorbehalten. Auf dem Platz findet kein Schulungsbetrieb statt.Der Verein bietet auch keine gewerblichen Passagierfl\u00fcge an. Gibt es eine Gastflugregelung? Anfragen zur Nutzung des Gel\u00e4ndes (G\u00e4stereglung in begr\u00fcndeten Ausnahmef\u00e4llen) sind per Mail mit ausreichender&hellip;&nbsp;<a href=\"https:\/\/motorschirmfreunde-pfalz.de\/web\/haeufig-gestellte-fragen\/\" class=\"\" rel=\"bookmark\">Weiterlesen &raquo;<span class=\"screen-reader-text\">H\u00e4ufig gestellte Fragen<\/span><\/a><\/p>\n","protected":false},"author":2,"featured_media":0,"parent":0,"menu_order":0,"comment_status":"closed","ping_status":"closed","template":"","meta":{"neve_meta_sidebar":"","neve_meta_container":"","neve_meta_enable_content_width":"","neve_meta_content_width":0,"neve_meta_title_alignment":"","neve_meta_author_avatar":"","neve_post_elements_order":"","neve_meta_disable_header":"","neve_meta_disable_footer":"","neve_meta_disable_title":""},"yoast_head":"<!-- This site is optimized with the Yoast SEO plugin v19.9 - https:\/\/yoast.com\/wordpress\/plugins\/seo\/ -->\n<title>H\u00e4ufig gestellte Fragen - Willkommen beim Motorschirm-Freunde-Pfalz e.V.<\/title>\n<meta name=\"robots\" content=\"index, follow, max-snippet:-1, max-image-preview:large, max-video-preview:-1\" \/>\n<link rel=\"canonical\" href=\"https:\/\/motorschirmfreunde-pfalz.de\/web\/haeufig-gestellte-fragen\/\" \/>\n<meta property=\"og:locale\" content=\"de_DE\" \/>\n<meta property=\"og:type\" content=\"article\" \/>\n<meta property=\"og:title\" content=\"H\u00e4ufig gestellte Fragen - Willkommen beim Motorschirm-Freunde-Pfalz e.V.\" \/>\n<meta property=\"og:description\" content=\"Wer darf auf unserem Gel\u00e4nde fliegen? Die Nutzung des Fluggel\u00e4ndes Meckenheim (Motorschirme und Motorschirmtrikes) ist grunds\u00e4tzlich Mitgliedern des Vereins &#8222;Motorschirmfreunde Pfalz e.V.&#8220; vorbehalten. Auf dem Platz findet kein Schulungsbetrieb statt.Der Verein bietet auch keine gewerblichen Passagierfl\u00fcge an. Gibt es eine Gastflugregelung? Anfragen zur Nutzung des Gel\u00e4ndes (G\u00e4stereglung in begr\u00fcndeten Ausnahmef\u00e4llen) sind per Mail mit ausreichender&hellip;&nbsp;Weiterlesen &raquo;H\u00e4ufig gestellte Fragen\" \/>\n<meta property=\"og:url\" content=\"https:\/\/motorschirmfreunde-pfalz.de\/web\/haeufig-gestellte-fragen\/\" \/>\n<meta property=\"og:site_name\" content=\"Willkommen beim Motorschirm-Freunde-Pfalz e.V.\" \/>\n<meta property=\"article:modified_time\" content=\"2023-01-17T09:05:14+00:00\" \/>\n<meta name=\"twitter:card\" content=\"summary_large_image\" \/>\n<meta name=\"twitter:label1\" content=\"Gesch\u00e4tzte Lesezeit\" \/>\n\t<meta name=\"twitter:data1\" content=\"1\u00a0Minute\" \/>\n<script type=\"application\/ld+json\" class=\"yoast-schema-graph\">{\"@context\":\"https:\/\/schema.org\",\"@graph\":[{\"@type\":\"WebPage\",\"@id\":\"https:\/\/motorschirmfreunde-pfalz.de\/web\/haeufig-gestellte-fragen\/\",\"url\":\"https:\/\/motorschirmfreunde-pfalz.de\/web\/haeufig-gestellte-fragen\/\",\"name\":\"H\u00e4ufig gestellte Fragen - Willkommen beim Motorschirm-Freunde-Pfalz e.V.\",\"isPartOf\":{\"@id\":\"https:\/\/motorschirmfreunde-pfalz.de\/web\/#website\"},\"datePublished\":\"2021-02-26T13:57:04+00:00\",\"dateModified\":\"2023-01-17T09:05:14+00:00\",\"breadcrumb\":{\"@id\":\"https:\/\/motorschirmfreunde-pfalz.de\/web\/haeufig-gestellte-fragen\/#breadcrumb\"},\"inLanguage\":\"de\",\"potentialAction\":[{\"@type\":\"ReadAction\",\"target\":[\"https:\/\/motorschirmfreunde-pfalz.de\/web\/haeufig-gestellte-fragen\/\"]}]},{\"@type\":\"BreadcrumbList\",\"@id\":\"https:\/\/motorschirmfreunde-pfalz.de\/web\/haeufig-gestellte-fragen\/#breadcrumb\",\"itemListElement\":[{\"@type\":\"ListItem\",\"position\":1,\"name\":\"Startseite\",\"item\":\"https:\/\/motorschirmfreunde-pfalz.de\/web\/\"},{\"@type\":\"ListItem\",\"position\":2,\"name\":\"H\u00e4ufig gestellte Fragen\"}]},{\"@type\":\"WebSite\",\"@id\":\"https:\/\/motorschirmfreunde-pfalz.de\/web\/#website\",\"url\":\"https:\/\/motorschirmfreunde-pfalz.de\/web\/\",\"name\":\"Willkommen beim Motorschirm-Freunde-Pfalz e.V.\",\"description\":\"Willkommen beim Motorschirm-Freunde-Pfalz e.V.\",\"publisher\":{\"@id\":\"https:\/\/motorschirmfreunde-pfalz.de\/web\/#organization\"},\"potentialAction\":[{\"@type\":\"SearchAction\",\"target\":{\"@type\":\"EntryPoint\",\"urlTemplate\":\"https:\/\/motorschirmfreunde-pfalz.de\/web\/?s={search_term_string}\"},\"query-input\":\"required name=search_term_string\"}],\"inLanguage\":\"de\"},{\"@type\":\"Organization\",\"@id\":\"https:\/\/motorschirmfreunde-pfalz.de\/web\/#organization\",\"name\":\"Willkommen beim Motorschirm-Freunde-Pfalz e.V.\",\"url\":\"https:\/\/motorschirmfreunde-pfalz.de\/web\/\",\"logo\":{\"@type\":\"ImageObject\",\"inLanguage\":\"de\",\"@id\":\"https:\/\/motorschirmfreunde-pfalz.de\/web\/#\/schema\/logo\/image\/\",\"url\":\"https:\/\/motorschirmfreunde-pfalz.de\/web\/wp-content\/uploads\/2021\/02\/cropped-Logo-4.jpg\",\"contentUrl\":\"https:\/\/motorschirmfreunde-pfalz.de\/web\/wp-content\/uploads\/2021\/02\/cropped-Logo-4.jpg\",\"width\":478,\"height\":204,\"caption\":\"Willkommen beim Motorschirm-Freunde-Pfalz e.V.\"},\"image\":{\"@id\":\"https:\/\/motorschirmfreunde-pfalz.de\/web\/#\/schema\/logo\/image\/\"}}]}<\/script>\n<!-- \/ Yoast SEO plugin. -->","yoast_head_json":{"title":"H\u00e4ufig gestellte Fragen - Willkommen beim Motorschirm-Freunde-Pfalz e.V.","robots":{"index":"index","follow":"follow","max-snippet":"max-snippet:-1","max-image-preview":"max-image-preview:large","max-video-preview":"max-video-preview:-1"},"canonical":"https:\/\/motorschirmfreunde-pfalz.de\/web\/haeufig-gestellte-fragen\/","og_locale":"de_DE","og_type":"article","og_title":"H\u00e4ufig gestellte Fragen - Willkommen beim Motorschirm-Freunde-Pfalz e.V.","og_description":"Wer darf auf unserem Gel\u00e4nde fliegen? Die Nutzung des Fluggel\u00e4ndes Meckenheim (Motorschirme und Motorschirmtrikes) ist grunds\u00e4tzlich Mitgliedern des Vereins &#8222;Motorschirmfreunde Pfalz e.V.&#8220; vorbehalten. Auf dem Platz findet kein Schulungsbetrieb statt.Der Verein bietet auch keine gewerblichen Passagierfl\u00fcge an. Gibt es eine Gastflugregelung? Anfragen zur Nutzung des Gel\u00e4ndes (G\u00e4stereglung in begr\u00fcndeten Ausnahmef\u00e4llen) sind per Mail mit ausreichender&hellip;&nbsp;Weiterlesen &raquo;H\u00e4ufig gestellte Fragen","og_url":"https:\/\/motorschirmfreunde-pfalz.de\/web\/haeufig-gestellte-fragen\/","og_site_name":"Willkommen beim Motorschirm-Freunde-Pfalz e.V.","article_modified_time":"2023-01-17T09:05:14+00:00","twitter_card":"summary_large_image","twitter_misc":{"Gesch\u00e4tzte Lesezeit":"1\u00a0Minute"},"schema":{"@context":"https:\/\/schema.org","@graph":[{"@type":"WebPage","@id":"https:\/\/motorschirmfreunde-pfalz.de\/web\/haeufig-gestellte-fragen\/","url":"https:\/\/motorschirmfreunde-pfalz.de\/web\/haeufig-gestellte-fragen\/","name":"H\u00e4ufig gestellte Fragen - Willkommen beim Motorschirm-Freunde-Pfalz e.V.","isPartOf":{"@id":"https:\/\/motorschirmfreunde-pfalz.de\/web\/#website"},"datePublished":"2021-02-26T13:57:04+00:00","dateModified":"2023-01-17T09:05:14+00:00","breadcrumb":{"@id":"https:\/\/motorschirmfreunde-pfalz.de\/web\/haeufig-gestellte-fragen\/#breadcrumb"},"inLanguage":"de","potentialAction":[{"@type":"ReadAction","target":["https:\/\/motorschirmfreunde-pfalz.de\/web\/haeufig-gestellte-fragen\/"]}]},{"@type":"BreadcrumbList","@id":"https:\/\/motorschirmfreunde-pfalz.de\/web\/haeufig-gestellte-fragen\/#breadcrumb","itemListElement":[{"@type":"ListItem","position":1,"name":"Startseite","item":"https:\/\/motorschirmfreunde-pfalz.de\/web\/"},{"@type":"ListItem","position":2,"name":"H\u00e4ufig gestellte Fragen"}]},{"@type":"WebSite","@id":"https:\/\/motorschirmfreunde-pfalz.de\/web\/#website","url":"https:\/\/motorschirmfreunde-pfalz.de\/web\/","name":"Willkommen beim Motorschirm-Freunde-Pfalz e.V.","description":"Willkommen beim Motorschirm-Freunde-Pfalz e.V.","publisher":{"@id":"https:\/\/motorschirmfreunde-pfalz.de\/web\/#organization"},"potentialAction":[{"@type":"SearchAction","target":{"@type":"EntryPoint","urlTemplate":"https:\/\/motorschirmfreunde-pfalz.de\/web\/?s={search_term_string}"},"query-input":"required name=search_term_string"}],"inLanguage":"de"},{"@type":"Organization","@id":"https:\/\/motorschirmfreunde-pfalz.de\/web\/#organization","name":"Willkommen beim Motorschirm-Freunde-Pfalz e.V.","url":"https:\/\/motorschirmfreunde-pfalz.de\/web\/","logo":{"@type":"ImageObject","inLanguage":"de","@id":"https:\/\/motorschirmfreunde-pfalz.de\/web\/#\/schema\/logo\/image\/","url":"https:\/\/motorschirmfreunde-pfalz.de\/web\/wp-content\/uploads\/2021\/02\/cropped-Logo-4.jpg","contentUrl":"https:\/\/motorschirmfreunde-pfalz.de\/web\/wp-content\/uploads\/2021\/02\/cropped-Logo-4.jpg","width":478,"height":204,"caption":"Willkommen beim Motorschirm-Freunde-Pfalz e.V."},"image":{"@id":"https:\/\/motorschirmfreunde-pfalz.de\/web\/#\/schema\/logo\/image\/"}}]}},"_links":{"self":[{"href":"https:\/\/motorschirmfreunde-pfalz.de\/web\/wp-json\/wp\/v2\/pages\/147"}],"collection":[{"href":"https:\/\/motorschirmfreunde-pfalz.de\/web\/wp-json\/wp\/v2\/pages"}],"about":[{"href":"https:\/\/motorschirmfreunde-pfalz.de\/web\/wp-json\/wp\/v2\/types\/page"}],"author":[{"embeddable":true,"href":"https:\/\/motorschirmfreunde-pfalz.de\/web\/wp-json\/wp\/v2\/users\/2"}],"replies":[{"embeddable":true,"href":"https:\/\/motorschirmfreunde-pfalz.de\/web\/wp-json\/wp\/v2\/comments?post=147"}],"version-history":[{"count":4,"href":"https:\/\/motorschirmfreunde-pfalz.de\/web\/wp-json\/wp\/v2\/pages\/147\/revisions"}],"predecessor-version":[{"id":266,"href":"https:\/\/motorschirmfreunde-pfalz.de\/web\/wp-json\/wp\/v2\/pages\/147\/revisions\/266"}],"wp:attachment":[{"href":"https:\/\/motorschirmfreunde-pfalz.de\/web\/wp-json\/wp\/v2\/media?parent=147"}],"curies":[{"name":"wp","href":"https:\/\/api.w.org\/{rel}","templated":true}]}}